82. Calculate the highest common factor of s and z.
9
Let y be (-510)/10*32/(-6). Calculate the highest common divisor of 629 and y.
17
Let s be 3441/12 + 95/76. Suppose 45*u = 36*u + s. What is the highest common factor of u and 12?
4
Let p be 6/(-51) - 34443/(-153). What is the highest common divisor of p and 243?
9
Let a = 10 - -18. Let l be 4/34 + (-4730)/34. Let t = -135 - l. What is the greatest common factor of a and t?
4
Suppose 8*g - 4*g = 224. Let m(y) = y**3 + 2*y - 4. Let v be 1/(-3) - ((-10)/3 + 1). Let j be m(v). Calculate the highest common divisor of j and g.
8
Let m = -406 + 679. Suppose w - 8*w = -m. Calculate the highest common factor of 26 and w.
13
Let y = -61 + 93. Let m be (-112)/24*(-180)/35. Calculate the greatest common factor of y and m.
8
Let v(r) = -3*r - 8. Let y be v(-6). Suppose 10 + y = 10*p. Let m be 3/(p - 148/80). Calculate the highest common factor of 15 and m.
5
Suppose 5*a + 25 = -10. Let y be a/49 - 2/(-14). Let d = y + 26. Calculate the greatest common divisor of d and 26.
26
Let j(x) = -x**3 + 12*x**2 - 8*x + 18. Let r be j(9). Suppose 4*w + 4*a + 85 - 521 = 0, 2*a = 4*w - 412. What is the greatest common divisor of w and r?
21
Let y(j) = -j**3 - 2*j**2 - 5*j - 4. Let l be y(-3). Let q = 18 + l. Let p be (-9)/4*(322/(-6) - -3). What is the greatest common factor of p and q?
38
Let i(g) = -8*g - 47. Let o be ((-2)/(-6))/((-2)/36). Let w be i(o). Calculate the greatest common divisor of 19 and w.
1
Let a(j) = -j**2 + 32*j - 157. Let d be a(7). Let q be 4/2*(-5 - (-1 - 3)). Let l be 8/q + 296/2. Calculate the greatest common factor of d and l.
18
Suppose 3*k + 2*k + 5*w = 315, -5*w + 255 = 4*k. Let f = -62 + k. Let h be (f - (1 - 1)) + 11 + -5. Calculate the highest common divisor of h and 16.
4
Let z(u) = 40 - 184*u + 93*u + 8*u**2 + 96*u. Let g be z(8). Calculate the greatest common divisor of g and 32.
16
Let f(r) = -r + 1. Let x(y) = 18*y**2 - 5*y + 3. Let o(h) = -5*f(h) + x(h). Let b be o(-1). Let g = 145 + b. What is the greatest common divisor of g and 23?
23
Suppose -o - 13 = 6. Let h(l) = -l**2 - 14*l + 26. Let a be h(o). Let r = a - -124. What is the greatest common divisor of r and 11?
11
Suppose -b = -0*b. Suppose 12*k - 2*k = b. Suppose m + 3*m - 32 = k. What is the highest common factor of m and 8?
8
Let c = 3023 - 2540. What is the greatest common divisor of 2688 and c?
21
Let w(h) = 323*h**3 - 3*h**2 + 5*h - 4. Let s be w(1). Calculate the highest common divisor of s and 856.
107
Let a = 240 - -18. Let j(n) = 610*n + 616. Let s be j(-1). What is the greatest common divisor of a and s?
6
Suppose 5*s + 11 = 3*f, -4*s - 4 = -0*s - 4*f. Let y = s - -24. Suppose 480 = v + 2*v. What is the highest common factor of v and y?
20
Let s be (6 - (-529)/(-69))/(1/(-480)). Let o be -4 + 0/4 - -36. Calculate the highest common divisor of o and s.
32
Let n(w) = -w**2 + 121*w - 1206. Let q be n(11). Calculate the greatest common factor of q and 340.
4
Suppose 0*x + 2*x = 5*v + 70, 4*x + 5*v = 170. Suppose -4*i - 4*h = -x, -3*i - 5*h = -2 - 28. Calculate the greatest common divisor of 370 and i.
10
Suppose 3*i - 518 = 5*s, 4*i - 550 = -s + 110. What is the greatest common divisor of i and 10873?
83
Let p(d) = -3*d - 8. Let q be p(-8). Suppose 29*m - 3192 = 4*m - 13*m. Calculate the greatest common factor of q and m.
4
Let c be 1*(1472 + (9 - 2)) - -5. What is the highest common divisor of c and 1036?
28
Let y(u) = -5*u + 5. Let p(n) = 4*n - 2. Let h(o) = 5*p(o) + 5*y(o). Suppose -13 = 3*s + 44. Let f be h(s). What is the highest common factor of f and 44?
22
Let a = 65 + -60. Suppose -10 = 4*k - a*k + 2*b, 4*b - 8 = 0. Let v be 15 - (k/2 + 6/(-2)). What is the greatest common divisor of 11 and v?
11
Let z(g) = -29*g - 1037. Let k be z(-38). Suppose 0 = u + 4*u - 7150. Calculate the highest common factor of k and u.
65
Suppose 4*l - 5*r = 3878, 0 = 2*l + 46*r - 43*r - 1950. Calculate the highest common factor of 8 and l.
4
Suppose 2*q - 22*q + 220 = 0. Suppose q*a + 10 = 12*a. What is the greatest common divisor of a and 80?
10
Suppose 9*t + 20 = -11*t. Let d(n) = -51*n + 3. Let z be d(t). What is the highest common divisor of 18 and z?
18
Let d = -2490 + 10428. What is the highest common divisor of 98 and d?
98
Let s be 90568/24 + (-3 - (-30)/9). What is the greatest common factor of 888 and s?
222
Suppose 414 = -152*o + 151*o. Let u = -390 - o. Let n(z) = z**3 + 6*z**2 + 8. Let v be n(-6). What is the highest common divisor of u and v?
8
Let v = -65 - -73. Let g = 292 - 286. Calculate the highest common factor of v and g.
2
Let y(t) = 2971*t + 44573. Let u be y(-15). Suppose 2*v - 27 = -2*b + 65, -4*b = -3*v + 124. What is the greatest common factor of v and u?
4
Let h be (-2 + 4)*(-33)/(-2). Suppose 1094 - 318 = 8*a. Let j = a + -86. Calculate the highest common divisor of h and j.
11
Suppose -10*l = -11*l - 12*m + 10124, -3*m = 0. What is the greatest common divisor of l and 4?
4
Let a(r) = -2*r - r**2 + 3*r - 1 - 6*r. Let u be a(-4). Let s be (1/u)/(4*(-1)/(-24)). What is the greatest common factor of 22 and s?
2
Let c = 75 - 62. Suppose -5*a = -3*g - c, -50*a - 4*g = -51*a + 6. Calculate the highest common divisor of a and 1.
1
Let z be 66*1*(-42 - -287). What is the greatest common divisor of 70 and z?
70
Let r(z) = 18*z**2 + 11*z + 9. Let h be r(-10). Suppose 10*v + 19 = h. Calculate the highest common divisor of 48 and v.
24
Suppose 46 - 16 = -3*g. Let m be 15/g*2 - 26/(-2). What is the greatest common factor of m and 310?
10
Let p = -133 + 147. Let r(g) = -g**2 + 29*g - 2. Let t be r(p). Calculate the highest common divisor of t and 26.
26
Let m be (6 - -944)*(-427)/(-122). What is the greatest common divisor of m and 175?
175
Suppose -p - 861 = -3*o, -2*p + 6 = -3*p. Calculate the highest common divisor of 4389 and o.
57
Let z(q) = -2*q - 43. Let a = 36 + -59. Let i be z(a). Suppose i*y - 39 = 36. Calculate the greatest common divisor of 275 and y.
25
Let v be -1 + 1 + (4 - -11). Let s(g) = -2*g**3 - 248*g**2 + g + 529. Let q be s(-124). Calculate the greatest common divisor of q and v.
15
Suppose 0*w + 2*q = -4*w + 121886, -w + 4*q = -30476. What is the highest common factor of 208 and w?
104
Let x be 3/(-15) - (-874)/95. Let d(i) = 33*i - 107. Let y be d(x). What is the greatest common divisor of y and 38?
38
Let l be 80475/300 - 6/(-8). Let c = l - 206. What is the highest common divisor of 14 and c?
7
Let x = -2984 + 2998. Calculate the greatest common divisor of x and 238.
14
Suppose 248810 = 108*l - 923638. Calculate the highest common divisor of l and 552.
184
Suppose 10*a - 767986 = -263626. Let p be a/60 - (-2 + (-26)/(-10)). Calculate the greatest common divisor of p and 24.
24
Let t(x) = 36*x**2 + 786*x - 37. Let g be t(-22). Let m be (-37 - (3 + -2))*-2. What is the greatest common divisor of g and m?
19
Let i be 650/(-3)*531/(-354). What is the highest common factor of 100 and i?
25
Suppose k - i = 256, 15*k - 13*k + 5*i = 449. Let a = 35 + -16. What is the greatest common divisor of a and k?
19
Let j be (3*(-402)/(-27))/((-10)/(-75)). Let t = j + -305. What is the greatest common divisor of 6 and t?
6
Let r = 15 + -8. Suppose -492 - 321 - 734 = -17*z. Calculate the greatest common divisor of z and r.
7
Let f = 11 - 11. Suppose -2*z + 115 - 41 = f. Let y be 0 - z/(2 - (-21)/(-9)). What is the highest common divisor of 74 and y?
37
Let c be 2/(-6) - (-1484)/(-3). Let o = -223 - c. Let k = o + -118. Calculate the highest common factor of 22 and k.
22
Suppose 0 = 7*h + 10*h - 102. Suppose h*l + 2 = 14. Calculate the greatest common divisor of 82 and l.
2
Suppose 0 = -3*l + 2*b - 6 - 10, 25 = -5*l + 5*b. Let f be 86*-1*(-3)/l. Let d = f - -48. What is the highest common divisor of d and 1?
1
Suppose 43 = 3*k - 2*j - 66, 5*k - 4*j - 181 = 0. Suppose k = 5*f - 3. What is the greatest common factor of 116 and f?
4
Let h be (-16 - -27) + 3 + -10. Let y be (22 - 1) + h + -8. What is the greatest common divisor of 425 and y?
17
Let m(j) = 2*j**2 - 64*j + 214. Let f be m(40). Calculate the greatest common factor of 14 and f.
14
Let v be (-5 - 10509/(-31))/((-2)/(-20)). What is the greatest common divisor of 40 and v?
20
Let i(j) = -12*j + 1. Let f be i(-1). Let s = 4357 + -4240. What is the